 25.
23
Suppose 9 = r + 2*r. Suppose -2*u = -v - 61, 2*u + u = r*v + 192. Let k = -40 - v. Calculate the remainder when k is divided by 15.
12
Let f = 1 + 26. Suppose -27 - f = -6*k. Calculate the remainder when 78 is divided by k.
6
Suppose 4*g - 3*u - 273 = -0*u, -5*g + 3*u = -339. Let d = g + -38. What is the remainder when d is divided by 11?
6
Let t = -42 - -12. Let c be (-1)/(-1)*(-22 - t). Suppose -n - 2 = -c. Calculate the remainder when 28 is divided by n.
4
Let r = -7 + 11. Suppose 0 = -r*z + 4*d + 92, 5*z + d - 75 - 64 = 0. Calculate the remainder when 80 + (-1 - 0)/1 is divided by z.
25
Suppose -q - k = -3*k - 4, -23 = -3*q - 5*k. Suppose -8*n = -q*n - 8. Calculate the remainder when n is divided by 2.
0
What is the remainder when (-130816)/(-1536) - (1 + (-5)/6) is divided by 37?
11
Let z = 35 + -30. Suppose 76 + 39 = z*r. Calculate the remainder when 89 is divided by r.
20
What is the remainder when 206 is divided by 42/(-6) + -21*(-28)/21?
17
Let i be (-15)/(-2)*(-36)/(-15). What is the remainder when 25 is divided by 9/i + (-50)/(-4)?
12
Let t(l) = l**2 - 2*l - 13. Let f be t(-3). Suppose 3 - 11 = -f*a. Calculate the remainder when 8 is divided by a.
0
Suppose 0 = 5*z - 16 - 34. Calculate the remainder when 17 is divided by z/4*(34/10 - 1).
5
Suppose 272 = 4*b + 5*r, 3*b = 4*r + 81 + 92. Calculate the remainder when b is divided by 14.
7
Suppose -v + 16 = 2*c, 2*c - v - v - 4 = 0. Let t be (c/12)/((-1)/(-164)). Let s = -59 + t. Calculate the remainder when 89 is divided by s.
20
Let i(x) = x**2 + 7*x + 1. Suppose 5*d + 2 = 12. Suppose 3*z + 18 = -4*o - 18, -d*o = -4*z - 26. Calculate the remainder when 22 is divided by i(z).
4
Let x(n) = -n + 6. Let w be x(3). Suppose -i + 2*i = w. Suppose 2*f = -2*f - 5*r + 68, 0 = i*f + 5*r - 51. Calculate the remainder when 49 is divided by f.
15
Let n(a) = -4*a**2 - 5*a - 9. Let b(g) = -g**2. Let o(c) = 5*b(c) - n(c). What is the remainder when 5 is divided by o(6)?
2
Let l(q) = -2*q**3 + 13*q**2 + 3*q + 52. What is the remainder when 87 is divided by l(7)?
15
Let f(y) = -y**2 + 5*y + 2. Let j(b) = 10*b**2 - 15 + 14 - 10*b + 14 - b**3. Calculate the remainder when f(4) is divided by j(9).
2
Let b be (-8)/(-36) + (-102)/(-27). Suppose b*t = -u - 0*t - 14, -2*t - 16 = -4*u. Suppose u*o - 83 = 105. Calculate the remainder when o is divided by 32.
30
Suppose -286*d + 298*d - 10800 = 0. Calculate the remainder when d is divided by 43.
40
Suppose 3*l - 189 = -0*l. Suppose 4*v = 75 - 35. Suppose 0 = -v*p + 6*p + 88. Calculate the remainder when l is divided by p.
19
Suppose 0 = -58*g + 52*g + 120. Calculate the remainder when g is divided by 18.
2
Let l(x) = -3*x**2 - 64*x + 45. What is the remainder when 157 is divided by l(-21)?
25
Suppose 3*p - 2*c = 427, 2*p - 68 = 4*c + 222. What is the remainder when p is divided by 72?
69
Calculate the remainder when (-1)/((-2)/184) + (1 - -3) is divided by 27.
15
Suppose -2*o = -w + 2*o + 7, 5*w - 60 = -5*o. Suppose 0 = -2*h + 2, -6*y + 5*h = -0*y - 187. Calculate the remainder when y is divided by w.
10
Let i be 5 - (-2 - 1 - -4). What is the remainder when 30 is divided by i - (-8 - (-2 + -2))?
6
Let o = 5 - -53. Let t(p) = -2*p - 11. Let z(i) = i + 1. Let j(g) = t(g) - 5*z(g). Calculate the remainder when o is divided by j(-4).
10
Let f(i) = -2*i**3 + 3*i**2 - 3*i + 6. Let w be f(3). Let s = 42 + w. What is the remainder when 23 is divided by s?
11
Let a = -265 - -271. What is the remainder when 26 is divided by a?
2
Let n be -2 + (-3)/(6/(-620)). Suppose -4*w = -3*i + 209, -4*i + 0*w + n = 2*w. Calculate the remainder when i is divided by 20.
15
Suppose 259 = 5*x + 4*j - 634, j = -4*x + 710. Calculate the remainder when x is divided by 10.
7
Let b = 1128 + -1106. What is the remainder when (2/5)/((-2)/(-320)) is divided by b?
20
Let p = -50 - -53. Suppose 2*u = -2*l + 42, 2*u - 3*l = 20 - p. Calculate the remainder when 58 is divided by u.
10
Let b(q) = -q**3 + 5*q**2 + 5*q + 8. Calculate the remainder when 22 is divided by b(6).
0
Suppose 0 = 9*o - 832 - 1994. Calculate the remainder when o is divided by 81.
71
Suppose -5*y - 325 = -3*g, 32*y - 20 = 36*y. Calculate the remainder when g is divided by 18.
10
Let c be (-2)/4 - (-135)/6 - 4. Let u(w) = -w**3 + 7*w**2 - 6*w + 1. Calculate the remainder when u(5) is divided by -4 - (4 + -2 - c).
9
What is the remainder when 97/291*79*9 is divided by 24?
21
Suppose 3*i = 2*i - 4*b + 31, 5*i + 5*b - 125 = 0. Suppose 303 + 12 = 7*k. Calculate the remainder when k is divided by i.
22
Let h = -34 + 66. Let z be (40/h)/(2/8). Suppose -z*l = -l - 76. Calculate the remainder when 54 is divided by l.
16
Let g(n) = n**2 - 29*n - 547. Calculate the remainder when g(-14) is divided by 45.
10
Suppose 3*d + 3 + 0 = 0. Calculate the remainder when 40 is divided by (4 - 1)/((-15)/70*d).
12
Suppose -3 = -s - 6, 2*q - 5*s - 43 = 0. Suppose -5*g = -4*t - 23, 0 = -2*g - t + 4*t + 12. What is the remainder when q is divided by g?
2
Calculate the remainder when (32/6)/4 + (-855)/(-27) is divided by 19.
14
Let y = 188 + -176. Suppose -167 = o - 2*o. What is the remainder when o is divided by y?
11
What is the remainder when 106 is divided by 2 + 1/(2/32)?
16
Let j = 197 - 96. Calculate the remainder when j is divided by 17.
16
Let g = 16 + -21. Let i = 9 + g. Suppose 5*r + 21 = 3*z, -4*z + 2 + 18 = -i*r. Calculate the remainder when 3 is divided by z.
1
Suppose -3*c + 14 = 5. Calculate the remainder when 1/(-1) + (3 - -1) is divided by c.
0
Suppose -4*b - 42 - 50 = -2*h, -89 = -2*h + 5*b. Calculate the remainder when h is divided by 27*3/(18/4).
16
Let w(t) = t**3 - 5*t**2 + 12*t - 11. What is the remainder when w(4) is divided by 6?
3
Suppose -265 = 5*g - 10*g. Suppose 5*n = -0*n - 4*y + 7, 2*n = y + 8. Suppose a + n*a = 56. What is the remainder when g is divided by a?
11
Let f = 0 - -3. Suppose f*a - 34 = -4*h, 6 = -4*a + a. What is the remainder when (-180)/(-7) + 4/14 is divided by h?
6
Let v(m) = -m**2 - 4*m + 7. Let s be v(0). Suppose s + 73 = 5*l. Calculate the remainder when 62 is divided by l.
14
Let i = -15 - -17. Let x be i + -2 - (-66)/(-1). Let s = -34 - x. What is the remainder when 63 is divided by s?
31
What is the remainder when 73 is divided by (-9396)/(-594) - (-2)/11?
9
Suppose -4*i + 48 = 3*a - 35, -2*i = -10. What is the remainder when 186 is divided by a?
18
Let k(g) = -g**3 - 4*g**2 - g - 11. Suppose 2*i = -5*p + 32, -p - 4*i = -2*i. What is the remainder when k(-5) is divided by p?
3
Let b(v) be the third derivative of -17*v**4/12 + 2*v**3/3 + 14*v**2. What is the remainder when b(-3) is divided by 27?
25
Suppose -5*i - 25*l + 192 = -21*l, 5*i - 198 = -l. Calculate the remainder when 58 is divided by i.
18
Suppose y = -5*j + 21, 0 = -3*y + 8*y + 3*j - 149. Calculate the remainder when 207 is divided by y.
21
Suppose -4*u = -13 + 5. What is the remainder when (-119)/(-14) - (2 - 15/6) is divided by u?
1
Let a = 87 + -45. What is the remainder when 70 is divided by a?
28
Let p(l) = 2*l + 26. Let d be p(-13). Suppose 6*v + d*v - 60 = 0. Calculate the remainder when 39 is divided by v.
9
Let j(s) = -s**2 - 6 + 3*s**2 + 6. Let o(g) = g**3 + 12*g**2 + 10*g + 4. Calculate the remainder when o(-11) is divided by j(-2).
7
Let n(s) be the second derivative of 5*s**3/6 - 3*s**2 - 2*s. Let h = 51 - 44. What is the remainder when n(h) is divided by 15?
14
Let a(c) = -c**3 + 21*c**2 - 56*c - 2. What is the remainder when a(14) is divided by 49?
47
Let b(h) = -h**2 - 27*h - 15. Let l be b(-24). Suppose 11*t + l = 14*t. Let q(w) = 3*w**2 + 5*w + 4. Calculate the remainder when q(-5) is divided by t.
16
Let l = -240 - -364. What is the remainder when l is divided by 9?
7
Let s(z) = 23*z + 18. Let a be s(-6). What is the remainder when 11 is divided by (-54)/(-15) + 8/(a/9)?
2
Suppose d + 39 = -2*d. Let h(r) = -r - 10. What is the remainder when 10 is divided by h(d)?
1
Suppose -10*x + 3*x = -2219. Calculate the remainder when x is divided by 32.
29
Let s(c) = -c**3 + 3*c**2 - 3*c + 3. Let m be (1/2*-4)/(-1). Let j be s(m). What is the remainder when 95 is divided by (-2)/j + 37 - 3?
31
Suppose r + 2*r + 15 = 0. Let g = -2 - r. Suppose -3*q - 120 = -g*n, 4*q - 7*q + 9 = 0. Calculate the remainder when n is divided by